k + 7. Let s(j) = -5*j**3 + 4*j**2 + 4*j - 4. Let i(u) = -6*g(u) - 11*s(u). Give i(n).
-14
Let p(k) = 7 - 2*k**2 + 3*k**2 - 9 + 3*k. Let z be ((-4)/(-7))/((-27)/(-21) + -1). What is p(z)?
8
Suppose -2*a = 2*x - 14, 0*a + 4*a + 62 = 5*x. Suppose 0 = -5*p - 2*l - x, 5*p + l = -5. Let v = 3 + p. Let q(n) = n**3 - n**2 - 4*n - 1. What is q(v)?
5
Let h be (3/(-2))/(1/2). Let u be -2 + 1 - h - -4. Let o(q) be the first derivative of q**4/4 - 2*q**3 - q**2/2 + 8*q - 15. Give o(u).
2
Let r(n) = n**3 + 4*n**2 - n - 5. Suppose -2*j = 4*g + 22, j = -2*g + 4*j + 1. What is r(g)?
-1
Suppose -3*u - 270 = -5*w - 2*u, -u = 0. Let a(r) = r**2 - 45 - 5*r + w - 4*r. What is a(9)?
9
Let u = 11 - 2. Suppose 2*a = 10, -2*j + a = 2*a - u. Let g(t) = -2*t + 2. Determine g(j).
-2
Let s(f) = 3*f**2 + 60*f + 8. Let z be s(-20). Let i(u) = 5*u - 7*u**2 + 5*u**3 - 4*u**3 - 6 - 13*u. Determine i(z).
-6
Let x(o) = o**3 - 10*o**2 + 10*o - 9. Let l(m) = -3*m**2 - 25*m + 1. Let j be l(-8). Determine x(j).
0
Let d = 199 - 200. Let b(w) = w + 6. Calculate b(d).
5
Let r(l) = -l**3 + 10*l**2 + 12*l - 10. Suppose -3*z + 5*m - 10 = -28, -m + 47 = 4*z. Give r(z).
1
Let o(f) = -8*f + 3. Suppose 60*h = 62*h - 4. Calculate o(h).
-13
Suppose 2*i - 2 = i. Let y(b) = -56*b + b**3 + 113*b + 8 - 57*b - b**i. Determine y(0).
8
Let k(q) = 11 - 17*q + 5*q + 15*q. Calculate k(-10).
-19
Let h(b) = -b**3 + 2*b**3 + 2*b + b**3 - 1 + 3*b**2. Let o = 555 + -557. What is h(o)?
-9
Let j(i) = -i**3 + 5*i**2 + 6*i + 2. Suppose 10*u - 8*u - 16 = 0. Suppose 0 = 4*p + u, -2*c + 34 = 2*c - 5*p. Determine j(c).
2
Let x(n) = -3*n + 1. Let v(h) = 6*h + 1. Let g(p) = -v(p) + x(p). Give g(-1).
9
Let i(z) = -3*z**2 + 3*z - 2. Let n(g) = g**2 - 2*g + 1. Let p be (-2)/(-7) + (-244)/(-28). Let c = 7 - p. Let d(x) = c*i(x) - 5*n(x). Determine d(-5).
4
Let m(i) = i + 12. Let g(k) = k + 10. Let b(p) = -7*g(p) + 6*m(p). Determine b(9).
-7
Let a(n) be the second derivative of n**3/6 - n**2/2 + 5*n + 4. Give a(-4).
-5
Let g = 1 + 3. Suppose 0 = 4*w - g*b + 24, 2*b = -4*w - 8 - 4. Let n(m) = m + 0 + 0. Calculate n(w).
-4
Let f(y) = 187 + y - y**3 + 176 - 4*y**2 - 371. What is f(-5)?
12
Suppose -2*d + 3*d - 2*m + 9 = 0, 3*d + 35 = 2*m. Let n(x) = -x**2 - 13*x + 15. What is n(d)?
15
Let x(z) = -4*z. Let v(n) = 8*n**2 + 2*n**2 + 1 + 8 - n**3. Let u be v(10). Suppose -q + 5*a = 9, 0 = -q - 4*a + u. What is x(q)?
-4
Let z(u) = -7*u**3 - 9*u**2 - 8. Let i(t) = 5*t**3 + 7*t**2 + 8. Let v(n) = 4*i(n) + 3*z(n). What is v(0)?
8
Let s(b) = b**3 - 6*b**2 - b + 3. Let v be 15*(-3 + (-85)/(-25)). Give s(v).
-3
Let h(j) = -5*j**2 + 9*j - 7. Let k(y) = -2*y**2 + 2. Let s(c) = -h(c) + 3*k(c). Calculate s(-11).
-9
Let w(r) = -r + 12. Let f(i) = -i + 18. Let b(x) = -5*f(x) + 7*w(x). Calculate b(0).
-6
Let b = -3 + 7. Suppose 3*c - 23 = -b*y, -5*y - 2*c = -5*c + 5. Let v(n) = n**3 - 7 + 4 - 3*n**y + 9*n**2 - 7*n + 2. What is v(-7)?
-1
Suppose 0 = -168*i + 162*i + 30. Let a(u) be the third derivative of -1/60*u**i + 0 + 0*u + 1/24*u**4 - 1/6*u**3 + 7/120*u**6 - 2*u**2. What is a(1)?
6
Let c(j) = j**2 - 3*j - 3. Let k be (42 - 50)/(-1*2). Calculate c(k).
1
Let o(x) = -1 + 493*x**3 - 2*x - 998*x**3 + 496*x**3 - x**2. Suppose 6 = 3*q - 9, -3*b + 2*q - 16 = 0. Let z be 2/((0 + 1)*b). Calculate o(z).
9
Let p(a) = a**2 + 2*a - 6. Let z be 30/(-75) - 124/(-10). Suppose z = 2*h + 22. Give p(h).
9
Let c(h) = -2 + 5*h - 4 - 6 + 26 - 5. Give c(-6).
-21
Let h(v) = -5*v**3 + 10*v**2 - 5*v + 9. Let c(z) = -7*z**3 + 11*z**2 - 5*z + 10. Let y(w) = 3*c(w) - 4*h(w). What is y(-8)?
18
Let l(c) = -6*c + 1. Let j(x) = -23*x + 17. Let p(d) = j(d) - 4*l(d). Calculate p(11).
24
Suppose -2 = -2*k, 2*k - 22 = -4*c + 3*c. Let i = -18 + c. Let b(z) = 5 + 9*z**3 - i*z + z - 4. Give b(1).
9
Let r(h) = -5*h**3 + h**2. Suppose -39 - 17 = -4*s + 3*m, 2*s + 2*m - 42 = 0. Suppose s = 5*l - 23. Let w be 3/4 - 14/l. Give r(w).
6
Let r(v) be the first derivative of 2*v**4 - v**3/3 - v**2 - v - 2. Let c(u) = -u**3 + 2*u**2 - 1. Let j be c(1). Suppose -7*d - 5 - 2 = j. Determine r(d).
-8
Let j(u) be the first derivative of u**2/2 - 91. Calculate j(17).
17
Suppose -4 = k, -2*a + 2*k = 2*a - 24. Suppose a*q = -2*q - 36. Let r(h) = h**2 + 6*h - 3. Calculate r(q).
-3
Let u(s) be the first derivative of -s**4/12 + 2*s**3/3 + 3*s**2/2 + 13*s - 43. Let z(m) be the first derivative of u(m). Determine z(5).
-2
Let b(r) be the third derivative of -r**4/6 + r**3/3 + 25*r**2. Give b(-2).
10
Suppose 5 = 5*j + 2*m + 20, 6 = -2*j + 5*m. Let y(v) be the first derivative of -20 - 4/3*v**3 - 1/4*v**4 - v**2 - 3*v. Give y(j).
-6
Let u(g) be the first derivative of -4 - 2 + 2*g**2 - 2*g - 2*g + 4. What is u(-3)?
-16
Suppose 2*p = -n - n - 26, -15 = 3*n. Let o(i) be the third derivative of i**5/60 + i**4/3 - 3*i**3/2 + 270*i**2. Calculate o(p).
-9
Let j(h) be the first derivative of h**3/3 + 9*h**2/2 - 4*h + 110. What is j(-9)?
-4
Let y(h) = h**3 - h**2 + 3*h. Let x(c) = 5*c**3 - 6*c**2 + 16*c + 1. Let p(j) = -2*x(j) + 11*y(j). What is p(2)?
12
Let a be (-3)/6*-2*5. Let g(b) = -b**3 - 3*b**2 + 3*b + 9. Let i(d) = 1. Let r(f) = a*i(f) - g(f). Let z be -2 + (-6 - -1)*(-13)/(-65). Determine r(z).
5
Suppose -3 = -10*r + 47. Let o(f) = -f**3 + 4*f**2 + 3*f + 3. Give o(r).
-7
Let g(l) = -l**3 - 2*l**2 + 3*l - 3. Suppose -v = -j + 3*j + 1, 2*v - 13 = j. Let b be (j - (-27)/3)/(-2). What is g(b)?
-3
Let r(m) = m**2 - 9*m + 2. Let h(k) = 4*k**2 - k + 1. Let b be h(1). Suppose 0*a = 5*a + 5*x - 60, 2*a - b = 3*x. What is r(a)?
-6
Let z(h) be the third derivative of -1/60*h**5 - 1/8*h**4 + 12*h**2 + 0*h + 0 - 1/3*h**3. Calculate z(-2).
0
Let a(h) be the second derivative of 7/2*h**2 - 14*h + 1/12*h**4 + 0 + 4/3*h**3. Give a(-7).
0
Let h(o) be the second derivative of -o**3/3 + 5*o**2/2 - 5*o + 7. What is h(3)?
-1
Let r(m) = 2*m**2 - 16*m + 4. Let d(l) = l**3 - 8*l**2 - 19*l - 2. Let y be d(10). Let g be r(y). Let k(z) = z**2 + z - 4. Give k(g).
16
Let x(i) = 5*i**2 + i - 2. Let t(l) = 1 - l**2 - 5*l**2 + 1 - 2*l. Let q(n) = 4*t(n) + 5*x(n). Give q(4).
2
Suppose 0*j + 5*j = 0. Let u = j - 0. Let y(r) = r**2 - r - 1. Let o(s) = 4*s**2 - 6*s + 1. Let w(c) = o(c) - 5*y(c). Calculate w(u).
6
Let f be 24/5*(5 + -9 - -39). Let u(i) = 171*i + f*i - i**2 - 1 - 343*i. Calculate u(-6).
-13
Let r(h) be the second derivative of 7/2*h**2 + 0 + 4*h + 0*h**3 + 1/12*h**4 + 1/20*h**5. Give r(0).
7
Let x(g) = -g + 6. Let t(p) = p**2 - 24*p + 4. Let a be t(24). What is x(a)?
2
Let n(f) = -f**2 + 7*f. Let v be (2/8 + 6/(-24))/2. Suppose -z + 7 = -v. Give n(z).
0
Suppose -4*b = -3*j - 3*b - 6, -4*j - 10 = -2*b. Let o(v) = -v - 105 + 214 - 6*v**3 - 110 - v**2. Give o(j).
5
Let g(i) = 39*i - 33*i - 69 + 70. Determine g(-2).
-11
Let k(b) be the third derivative of b**5/60 - b**4/3 + 7*b**3/6 + 44*b**2. Give k(9).
16
Let v be (-2)/3 + (-2)/(-3). Suppose v = 3*k - 4*k. Suppose 12*m - 7*m - 25 = k. Let s(z) = z**3 - 5*z**2 + 3*z - 3. Give s(m).
12
Suppose 4*c - 5 = 3, 0 = -5*d - 3*c + 186. Suppose 31*i = d*i - 15. Let z(n) = n**2 - n. What is z(i)?
6
Let t(o) = 4*o + 1. Suppose -4 - 128 = 44*a. Give t(a).
-11
Let o = 1047 + -1048. Let h(a) = -a**3 - 2*a**2 + 1. What is h(o)?
0
Let t(j) be the first derivative of j**3/3 + 13*j**2/2 - 25*j - 1000. Give t(-14).
-11
Let p be 26/10 + (308/70 - 4). Let g(q) be the second derivative of 0 + 1/3*q**3 - p*q**2 + 7*q. Give g(5).
4
Let a(d) = 2*d**2 - 9*d + 5. Let v be (-4)/46 - -282*17/1173. Calculate a(v).
1
Suppose -96 = -2*n + 3*n. Let a be 20*(n/(-20))/4. Let t be (-14)/3*a/(-28). Let y(u) = u - 3. Determine y(t).
1
Suppose -23 - 69 = -23*n. Let q(u) = -2*u**2 + 2*u + 4. What is q(n)?
-20
Suppose -3*j + 12 = 5*a - j, 0 = 4*a + 4*j - 12. Let n(r) = r**3 - r**2 + 8*r - 3. Let s be n(3). Let y(x) = -25*x + s*x + 2 - x**3 - 18*x + 3*x**2. Give y(a).
-2
Let k(t) = t + 5. Let d(m) = m**3 + 37*m**2 - 86*m - 316. Let a be d(-39). What is k(a)?
1
Suppose 3*h - 4*p + 0 - 65 = 0, 0 = -4*h - 5*p + 66. Let v = 26 - h. Let t(s) = 7*s - 3 - 9*s + 1 - s**3 - 4*s**2 + v. Calculate t(-4).
13
Let j(b) = 22*b - 2. Let g(p) = -2*p - 1. Let k(h) = -8*g(h) - j(h). Calculate k(-11).
76
Let r be 37/(-6) - 9/(-54). Let c(s) = s**3 + 7*s**2 + 8*s + 2. Determine c(r).
-10
Let d(c) = 2. Suppose 0*z = 2*z - 12. Let s(q) = -